 4*v(r). Determine d(t).
-4
Let n(g) = -2*g + 4. Let v be n(4). Let u = v + 5. Let z be 0*(u + (1 - 1)). Let p(j) = -j**2 - 6. Give p(z).
-6
Suppose -10*s = -15*s - 5. Let v(n) = 5*n + 1. Determine v(s).
-4
Let d(v) = -19 + v + 23 + 0*v. Suppose 0 = -3*w + 2*w + 5. Let r = 5 - w. Determine d(r).
4
Let w(y) be the first derivative of -y**2/2 + 2*y + 8. Determine w(3).
-1
Suppose 4*j = l + 10, -l = j - 2*j + 1. Let p(g) = -2 - 3 - 3*g + 0*g + g**l + 7*g. Calculate p(-6).
7
Let c(f) = 4*f + 2. Let v(m) = -9*m - 4. Let b(x) = 14*c(x) + 6*v(x). What is b(3)?
10
Let y(u) be the third derivative of u**6/120 + u**5/5 + u**4/2 + 13*u**3/6 - 15*u**2. What is y(-11)?
2
Let a(k) = -6*k - 4. Suppose -v = -0*v - 11. Let p(l) = -17*l - 11. Let t(j) = v*a(j) - 4*p(j). Let r = -21 - -16. What is t(r)?
-10
Let t(l) = 1. Let j(q) = -q - 3. Let s(b) = j(b) + 5*t(b). Determine s(2).
0
Let y(a) be the third derivative of a**4/6 + a**3/6 - a**2. Let j(f) = f**2 + 2*f + 15. Let b be j(0). Suppose b = 3*n - 8*n. Calculate y(n).
-11
Let f(p) = 11*p + 2. Let v(x) = 5*x + 1. Let y(n) = -3*f(n) + 7*v(n). Determine y(3).
7
Let s(u) be the first derivative of -u**2/2 + u + 18. Give s(-5).
6
Let o be (9/6 + -2)*-6. Let c(v) = v**3 - 2*v**2 - v - 1. Let m be c(o). Let j(a) = a**3 - 6*a**2 + 4*a + 2. Give j(m).
-3
Let t(d) be the first derivative of 1/2*d**2 - 4 + 13*d. Let z be t(-8). Let u(k) = k**3 - 4*k**2 - 4*k - 3. Give u(z).
2
Let j(i) = -3*i**2 + 0 - 1 + 0*i**2. Let r(z) = -2*z - 13. Let w be r(-6). Calculate j(w).
-4
Let g = -8 + 4. Let y(w) = -w**3 - 3*w**2 + 5*w + 5. Let o be y(g). Let v(p) = 5*p + o + 4*p**2 + 2 - 4 + p**3 + 3. Calculate v(-3).
-4
Let f be (1/4)/((-3)/(-4)). Let r(d) be the first derivative of 3*d + 1 - 1/2*d**2 - f*d**3. Give r(-4).
-9
Let j(b) be the third derivative of b**5/60 - b**4/8 + b**3/2 + b**2. Let x be j(3). Let l(f) = 5*f + 2*f**2 - x*f - 1 - 5*f**2. Calculate l(1).
-2
Let n(o) = -11*o**3. Let g(v) = 2*v + 1. Let p be g(2). Suppose -f - z = p - 1, -z - 7 = 4*f. What is n(f)?
11
Let d(l) = -l**2 - 3*l + 6. Let i = -4 - -3. Let f(a) = a + a - 1 + 2*a. Let p be f(i). Determine d(p).
-4
Suppose 0 = -5*r - 5*s - 25, 5 = -5*s - 10. Let c(i) = i**2 + i. Calculate c(r).
2
Suppose -g + 6 = 2*g. Let m(u) = 0*u - u**3 - g*u - 2*u**2 + 2*u + 2. What is m(-2)?
2
Let r(f) = -18*f + 4 + 38*f - 23*f. Determine r(-5).
19
Suppose 0 = v + 14 - 12. Let u(x) = -x**2 - x - 2. Determine u(v).
-4
Let z(k) = k + 6. Let l be -1*(0 - 20/2). Suppose 0*j + l = -j. Let c = j - -7. What is z(c)?
3
Let p(m) be the second derivative of -m**5/20 + m**4/2 - 4*m**3/3 + 2*m**2 - 7*m. Determine p(5).
-11
Let f(z) = 15*z**3 + z**2 - 3*z. Let v(h) = -8*h**3 + h. Let j(m) = -2*f(m) - 5*v(m). What is j(1)?
9
Let p(d) = 0*d + 6*d**3 - d**3 - 6*d**3 + d - 5*d**2 - 7. Calculate p(-5).
-12
Let y(n) = n**2 - 9*n + 7. Suppose 11 = 5*d - 24. What is y(d)?
-7
Let x(v) = 2*v - 2. Let b be x(3). Let l be 69/15 - (-6)/15. Let c(g) = -g - 1 + l - 3. Give c(b).
-3
Let a(c) be the first derivative of -c**3/3 - 5*c**2/2 - 3*c - 33. What is a(-3)?
3
Let b(c) = 2*c - 6*c**2 + 21 + c**3 - 26 + 0*c. Determine b(6).
7
Let v(s) = -2*s**3 + s. Let l(u) = -4*u - 2. Let q be l(-4). Let b = 5 - q. Let h(g) = g + 8. Let r be h(b). Determine v(r).
1
Let a(q) be the second derivative of q**5/20 + q**4/4 - 2*q**3/3 - q**2/2 - q. Let i(o) = 2*o**3 + 7*o**2 + 3*o - 3. Let l be i(-3). Give a(l).
11
Suppose 5*m - 16 = -6. Let b(f) be the third derivative of -1/2*f**3 - m*f**2 - 1/24*f**4 + 0*f + 0. Determine b(3).
-6
Let l(n) be the first derivative of -n**4/8 + 5*n**2/2 - 1. Let s(b) be the second derivative of l(b). What is s(-2)?
6
Let y(x) = 4*x**2 - 9*x + 6. Let w(r) = -r**2 - 1. Let n(m) = 3*w(m) + y(m). What is n(9)?
3
Let g(o) be the third derivative of o**5/60 - o**4/6 + 2*o**3/3 - 8*o**2. Determine g(3).
1
Let i(l) = l**2 - 5*l - 7. Let w be i(6). Let o(m) = 4*m - 1. Determine o(w).
-5
Let t(o) = -5*o - 8. Let d(m) = -7*m - 9. Let c(a) = 3*d(a) - 4*t(a). Suppose -3*j + 13 = 1. What is c(j)?
1
Let q(u) = u**3 - 7*u**2 - u + 10. Let r(k) = 7*k**2 + k + 1. Let i be r(-1). Determine q(i).
3
Let p be -12*(-2)/(-12)*-2. Let v(h) = -1 + h - 4*h + 2*h**2 - p*h**3 + 3*h. Give v(-1).
5
Let y(t) = -t. Let z = -9 - -10. Let a = z - 4. Calculate y(a).
3
Let r be ((-41)/(-2))/((-2)/(-4)). Suppose 0 = 4*i + y - 2*y + 89, 3*y = -2*i - r. Let x be i/(-6) - 6/9. Let b(p) = 2*p - 4. Give b(x).
2
Let n(h) be the second derivative of h**6/720 + 7*h**5/120 - 3*h**4/4 + h. Let s(t) be the third derivative of n(t). Give s(-5).
2
Let r(k) be the third derivative of 5*k**2 + 0*k + 1/24*k**4 - 1/10*k**5 + 0*k**3 + 0. What is r(1)?
-5
Let z(y) = y**3 - 5*y**2 - 4*y - 6. Let f be (-9)/3 + 0 - -9. Calculate z(f).
6
Let n = -17 - -14. Let x(j) = -4*j - 4. What is x(n)?
8
Let b(o) = -o**3 + o**2 + o + 12. Let u be b(0). Suppose 2*y = -y - u. Let p(r) be the second derivative of r**3/6 + 4*r**2 + 4*r. Determine p(y).
4
Let c = -23 - -24. Let x(w) = -w - 1. Determine x(c).
-2
Let x = 7 - 2. Let b(r) = 3*r - 10. Let v be b(4). Let p(o) = o**v + x*o + 1 + 3 + 2. What is p(-4)?
2
Let w(a) = a - 2. Let m(f) = f**3 - 7*f**2 - 9*f + 12. Let r be m(8). Determine w(r).
2
Let u(c) = 8*c - 2. Let w(o) = o**3 + 16*o**2 + 16*o + 17. Let k be w(-15). Determine u(k).
14
Suppose 21 = 3*s + 18. Let h(x) = -7*x**2 + 1. Determine h(s).
-6
Let n(p) = -2*p**2 + 7*p - 8. Let r(m) = -2*m**2 + 8*m - 9. Let z(u) = 6*n(u) - 5*r(u). Determine z(2).
-7
Let p(q) = 8*q**3 - q. Let j(n) be the first derivative of n**2/2 - 5*n + 2. Let k be j(4). Determine p(k).
-7
Let t(k) be the second derivative of k**3/6 + k**2/2 - 2*k. What is t(3)?
4
Suppose 0 = c - 5*c + 16. Let h(t) = 4*t - 4. What is h(c)?
12
Let k(r) = 7*r - 15. Let y(d) = -d + 1. Let t(q) = -k(q) - 6*y(q). Determine t(4).
5
Let o(v) = v**2 - v - 4. Let g(w) be the third derivative of -w**5/60 + 7*w**4/12 - 3*w**3/2 - 3*w**2. Let j be g(13). Calculate o(j).
8
Suppose 0 = 4*q - 7*q - 12. Let j(v) = v**2 + 5*v + 2. Give j(q).
-2
Suppose -f = 5*y + 18, -3*f + 10*y = 7*y - 18. Let x(c) = 7*c - 2. Let g(t) = -3*t + 1. Let a(m) = -10*g(m) - 4*x(m). Give a(f).
2
Suppose 3*b + 8 = n, -5*n = -2*b + 2 - 16. Suppose 0*u = -n*u - 12. Let l(g) = g + 11. Calculate l(u).
5
Let a(j) be the first derivative of -1 + 5*j - 1/2*j**2. What is a(6)?
-1
Let w(y) be the second derivative of -y**5/20 - y**4/6 + 2*y**3/3 + 2*y**2 + 23*y. Give w(-3).
1
Let h(k) = 483*k**3 - 7 - 482*k**3 + 0*k**2 + k**2. Calculate h(0).
-7
Suppose 4*x - 6*o + 2*o = -12, o + 9 = -3*x. Let j(n) = n**2 + 3*n. Give j(x).
0
Let u(l) = 7*l - 2. Let q be 3/((-3)/(-1)*(1 + 0)). Determine u(q).
5
Let d(m) be the second derivative of 13*m**4/24 + m**3/6 - m**2 + 3*m. Let p(x) be the first derivative of d(x). Determine p(-1).
-12
Let n = 7 - 19. Suppose 5*d = 5*l - 16 - 9, -l + 12 = -2*d. Let r = d - n. Let h(g) = g**3 - 4*g**2 - 5*g - 1. What is h(r)?
-1
Let c(r) = r**3 + 4*r**2 + 4*r + 2. Let w be c(-3). Let k be 2 - w - (-5 - -3). Let q(p) = p**2 - 2*p - 1. Give q(k).
14
Let j(m) = -48 - m**3 - 40 + 87. Determine j(-1).
0
Let h(k) = k. Let r(c) = c - 4. Let m be r(3). Let p be (m - (0 - 0))*5. Let v be (-14)/(-10) + 2/p. What is h(v)?
1
Let r(q) be the third derivative of q**5/30 - 2*q**2. What is r(1)?
2
Let k(z) = -3 + 10*z**2 - 7*z - z**3 + 3*z - 5*z. Determine k(9).
-3
Suppose 3*r + 3*u + 24 = 0, 4*r + 7 + 5 = u. Let f(h) be the third derivative of h**6/120 + h**5/12 + h**4/12 - 5*h**3/6 + 4*h**2 - h. Calculate f(r).
3
Suppose -5 = 2*i - 1. Let s be (-4)/(-8) - 15/i. Let v(q) = -q**2 + 7*q + 1. Calculate v(s).
-7
Let n be (3 - 24/3)*-1. Let l(o) = 2*o - 5*o + 3 + n*o. Calculate l(-5).
-7
Let p(s) be the first derivative of -s**4/4 + s**3 - s**2 - 2*s - 11. Give p(3).
-8
Let u(g) = 5*g**2 + 3*g**3 - 2*g**3 + 1 - g - 3*g**2. Let b be u(-2). Let d(o) = o**2 + o - 3. Determine d(b).
9
Let u(w) be the second derivative of -1/6*w**3 + 3*w - 5*w**2 + 0. Give u(0).
-10
Let t(a) = 2*a + 5. Suppose 7*l + l = -32. Determine t(l).
-3
Let q(p) = 2*p + 1. Let v = 4 + 6. Let h(d) = d**3 - 11*d**2 + 12*d - 14. Let c be h(v). Let i be (c/(-4))/(12/(-32)). Calculate q(i).
9
Let c(d) = -5*d**2 + 9*d + 2. Let y(i) = -2*i**2 + 5*i + 1. Let f(s) = -3*c(s) + 7*y(s). Gi